{"id":23,"date":"2021-09-01T09:47:34","date_gmt":"2021-09-01T07:47:34","guid":{"rendered":"https:\/\/www.batiment-formations.fr\/10\/?page_id=23"},"modified":"2021-12-27T11:27:42","modified_gmt":"2021-12-27T10:27:42","slug":"mentions-legales","status":"publish","type":"page","link":"https:\/\/www.batiment-formations.fr\/10\/mentions-legales\/","title":{"rendered":"Mentions l\u00e9gales"},"content":{"rendered":"\n<h1 class=\"wp-block-heading\">AUBE &#8211; MENTIONS L\u00c9GALES<\/h1>\n\n\n\n<p>CONF\u00c9D\u00c9RATION DE L\u2019ARTISANAT ET DES PETITES ENTREPRISES DU B\u00c2TIMENT (CAPEB), 14, RUE Am\u00e9d\u00e9e Boll\u00e9e &#8211; 10600 BARBEREY ST SULPICE. <\/p>\n\n\n\n<p>T\u00e9l : 03 25 76 27 80.  <\/p>\n\n\n\n<p>SIRET N\u00b0 314 788 902 00042<\/p>\n\n\n\n<p><strong>Directeur de la publication :<\/strong>\u00a0Angelo PAGANESSI<\/p>\n\n\n\n<h3 class=\"wp-block-heading\">Contact Technique<\/h3>\n\n\n\n<p>Si vous rencontrez un probl\u00e8me quelconque lors de votre navigation sur ce site, ou pour toute autre information sur le site lui-m\u00eame, \u00e9crivez \u00e0\u00a0<a href=\"mailto:capeb@capeb.fr\">direction@capeb10.fr<\/a><\/p>\n\n\n\n<h3 class=\"wp-block-heading\">H\u00e9bergement<\/h3>\n\n\n\n<p>Le prestataire en charge de l\u2019h\u00e9bergement du site Internet est la soci\u00e9t\u00e9 KOREDGE, dont le si\u00e8ge est situ\u00e9 8 rue du Bois de la Courbe, Ch\u00e2tillon Le Duc, 25048 BESANCON. <\/p>\n\n\n\n<h3 class=\"wp-block-heading\"><strong>Mentions contractuelles<\/strong><\/h3>\n\n\n\n<p><strong>DROIT D\u2019AUTEUR \u2013 COPYRIGHT<\/strong><br><br>Ce site internet et chacun des \u00e9l\u00e9ments qui le composent, notamment mais non limitativement, les textes, images, photographies, illustrations, sons, musiques sont, sauf mentions particuli\u00e8res, la propri\u00e9t\u00e9 exclusive de la CAPEB. En cons\u00e9quence, en application des dispositions du Code de la propri\u00e9t\u00e9 intellectuelle, des dispositions l\u00e9gislatives et r\u00e9glementaires de tous pays et des conventions internationales, toute reproduction ou repr\u00e9sentation, int\u00e9grale ou partielle, du site ou de l\u2019un quelconque des \u00e9l\u00e9ments qui le composent, est interdite de m\u00eame que leur alt\u00e9ration.<br><br>Le nom de domaine est la propri\u00e9t\u00e9 exclusive de la CAPEB, de m\u00eame que les marques et logos apparaissant sur ce site internet. Toute reproduction ou utilisation de ce nom de domaine, de ces marques ou logos, de quelque mani\u00e8re et \u00e0 quelque titre que ce soit, est interdite.<br><br><strong>LIENS HYPERTEXTE<\/strong><br><br>La cr\u00e9ation de liens hypertexte vers notre site internet ne peut \u00eatre faite qu\u2019avec notre autorisation \u00e9crite et pr\u00e9alable. Nous d\u00e9clinons toute responsabilit\u00e9 quant au contenu de sites tiers qui seraient li\u00e9s \u00e0 notre site internet.<br><br><strong>NOTICES<\/strong>&nbsp;<strong>L\u00c9GALES<\/strong><br><br>Nous faisons tous nos efforts pour nous assurer que les informations accessibles par l\u2019interm\u00e9diaire de notre site internet sont exactes. Toutefois, nous ne pouvons garantir que ces informations sont exactes, compl\u00e8tes et \u00e0 jour et ainsi, nous ne fournissons aucune garantie expresse ou tacite, concernant tout ou partie du site internet.<\/p>\n\n\n\n<h3 class=\"wp-block-heading\">Confidentialit\u00e9<\/h3>\n\n\n\n<p>Les donn\u00e9es de ce site r\u00e9serv\u00e9es aux seuls adh\u00e9rents via des espaces prot\u00e9g\u00e9s accessibles par identifiant et mot de passe ont un caract\u00e8re confidentiel. Elles ne doivent pas \u00eatre communiqu\u00e9es aux tiers, pas plus que les identifiants et mots de passe en autorisant l\u2019acc\u00e8s.<\/p>\n\n\n\n<h3 class=\"wp-block-heading\">Droit de rectification de donn\u00e9es nominatives<\/h3>\n\n\n\n<p>Par application de la loi Informatique et libert\u00e9s du 6 janvier 1978 modifi\u00e9e, toute personne dont des donn\u00e9es nominatives figureraient sur le site dispose d\u2019un droit d\u2019acc\u00e8s, de modification, de rectification et de suppression des dites donn\u00e9es, lequel droit peut \u00eatre exerc\u00e9 aupr\u00e8s de la CAPEB de l&rsquo;Aube, 14 rue Am\u00e9d\u00e9e Boll\u00e9e &#8211; 10600 BARBEREY ST SULPICE. <\/p>\n","protected":false},"excerpt":{"rendered":"<p>AUBE &#8211; MENTIONS L\u00c9GALES CONF\u00c9D\u00c9RATION DE L\u2019ARTISANAT ET DES PETITES ENTREPRISES DU B\u00c2TIMENT (CAPEB), 14, RUE Am\u00e9d\u00e9e Boll\u00e9e &#8211; 10600 BARBEREY ST [&hellip;]<\/p>\n","protected":false},"author":1,"featured_media":0,"parent":0,"menu_order":14,"comment_status":"closed","ping_status":"closed","template":"","meta":{"footnotes":""},"class_list":["post-23","page","type-page","status-publish","hentry"],"yoast_head":"<!-- This site is optimized with the Yoast SEO plugin v27.5 - https:\/\/yoast.com\/product\/yoast-seo-wordpress\/ -->\n<title>Mentions l\u00e9gales - CAPEB Formations Aube<\/title>\n<meta name=\"robots\" content=\"index, follow, max-snippet:-1, max-image-preview:large, max-video-preview:-1\" \/>\n<link rel=\"canonical\" href=\"https:\/\/www.batiment-formations.fr\/10\/mentions-legales\/\" \/>\n<meta property=\"og:locale\" content=\"fr_FR\" \/>\n<meta property=\"og:type\" content=\"article\" \/>\n<meta property=\"og:title\" content=\"Mentions l\u00e9gales - CAPEB Formations Aube\" \/>\n<meta property=\"og:description\" content=\"AUBE &#8211; MENTIONS L\u00c9GALES CONF\u00c9D\u00c9RATION DE L\u2019ARTISANAT ET DES PETITES ENTREPRISES DU B\u00c2TIMENT (CAPEB), 14, RUE Am\u00e9d\u00e9e Boll\u00e9e &#8211; 10600 BARBEREY ST [&hellip;]\" \/>\n<meta property=\"og:url\" content=\"https:\/\/www.batiment-formations.fr\/10\/mentions-legales\/\" \/>\n<meta property=\"og:site_name\" content=\"CAPEB Formations Aube\" \/>\n<meta property=\"article:modified_time\" content=\"2021-12-27T10:27:42+00:00\" \/>\n<meta name=\"twitter:card\" content=\"summary_large_image\" \/>\n<meta name=\"twitter:label1\" content=\"Dur\u00e9e de lecture estim\u00e9e\" \/>\n\t<meta name=\"twitter:data1\" content=\"2 minutes\" \/>\n<script type=\"application\/ld+json\" class=\"yoast-schema-graph\">{\"@context\":\"https:\\\/\\\/schema.org\",\"@graph\":[{\"@type\":\"WebPage\",\"@id\":\"https:\\\/\\\/www.batiment-formations.fr\\\/10\\\/mentions-legales\\\/\",\"url\":\"https:\\\/\\\/www.batiment-formations.fr\\\/10\\\/mentions-legales\\\/\",\"name\":\"Mentions l\u00e9gales - CAPEB Formations Aube\",\"isPartOf\":{\"@id\":\"https:\\\/\\\/www.batiment-formations.fr\\\/10\\\/#website\"},\"datePublished\":\"2021-09-01T07:47:34+00:00\",\"dateModified\":\"2021-12-27T10:27:42+00:00\",\"breadcrumb\":{\"@id\":\"https:\\\/\\\/www.batiment-formations.fr\\\/10\\\/mentions-legales\\\/#breadcrumb\"},\"inLanguage\":\"fr-FR\",\"potentialAction\":[{\"@type\":\"ReadAction\",\"target\":[\"https:\\\/\\\/www.batiment-formations.fr\\\/10\\\/mentions-legales\\\/\"]}]},{\"@type\":\"BreadcrumbList\",\"@id\":\"https:\\\/\\\/www.batiment-formations.fr\\\/10\\\/mentions-legales\\\/#breadcrumb\",\"itemListElement\":[{\"@type\":\"ListItem\",\"position\":1,\"name\":\"Accueil\",\"item\":\"https:\\\/\\\/www.batiment-formations.fr\\\/10\\\/\"},{\"@type\":\"ListItem\",\"position\":2,\"name\":\"Mentions l\u00e9gales\"}]},{\"@type\":\"WebSite\",\"@id\":\"https:\\\/\\\/www.batiment-formations.fr\\\/10\\\/#website\",\"url\":\"https:\\\/\\\/www.batiment-formations.fr\\\/10\\\/\",\"name\":\"CAPEB Formations Aube\",\"description\":\"\",\"potentialAction\":[{\"@type\":\"SearchAction\",\"target\":{\"@type\":\"EntryPoint\",\"urlTemplate\":\"https:\\\/\\\/www.batiment-formations.fr\\\/10\\\/?s={search_term_string}\"},\"query-input\":{\"@type\":\"PropertyValueSpecification\",\"valueRequired\":true,\"valueName\":\"search_term_string\"}}],\"inLanguage\":\"fr-FR\"},{\"@type\":\"Organization\",\"@id\":\"https:\\\/\\\/www.batiment-formations.fr\\\/10\\\/#Organization\",\"name\":\"CAPEB Formations Aube\",\"address\":{\"@type\":\"PostalAddress\",\"streetAddress\":\"14 rue Am\u00e9d\u00e9e Boll\u00e9e\",\"addressLocality\":\"BARBEREY ST SULPICE\",\"postalCode\":\"10600\",\"addressCountry\":\"FR\"}}]}<\/script>\n<!-- \/ Yoast SEO plugin. -->","yoast_head_json":{"title":"Mentions l\u00e9gales - CAPEB Formations Aube","robots":{"index":"index","follow":"follow","max-snippet":"max-snippet:-1","max-image-preview":"max-image-preview:large","max-video-preview":"max-video-preview:-1"},"canonical":"https:\/\/www.batiment-formations.fr\/10\/mentions-legales\/","og_locale":"fr_FR","og_type":"article","og_title":"Mentions l\u00e9gales - CAPEB Formations Aube","og_description":"AUBE &#8211; MENTIONS L\u00c9GALES CONF\u00c9D\u00c9RATION DE L\u2019ARTISANAT ET DES PETITES ENTREPRISES DU B\u00c2TIMENT (CAPEB), 14, RUE Am\u00e9d\u00e9e Boll\u00e9e &#8211; 10600 BARBEREY ST [&hellip;]","og_url":"https:\/\/www.batiment-formations.fr\/10\/mentions-legales\/","og_site_name":"CAPEB Formations Aube","article_modified_time":"2021-12-27T10:27:42+00:00","twitter_card":"summary_large_image","twitter_misc":{"Dur\u00e9e de lecture estim\u00e9e":"2 minutes"},"schema":{"@context":"https:\/\/schema.org","@graph":[{"@type":"WebPage","@id":"https:\/\/www.batiment-formations.fr\/10\/mentions-legales\/","url":"https:\/\/www.batiment-formations.fr\/10\/mentions-legales\/","name":"Mentions l\u00e9gales - CAPEB Formations Aube","isPartOf":{"@id":"https:\/\/www.batiment-formations.fr\/10\/#website"},"datePublished":"2021-09-01T07:47:34+00:00","dateModified":"2021-12-27T10:27:42+00:00","breadcrumb":{"@id":"https:\/\/www.batiment-formations.fr\/10\/mentions-legales\/#breadcrumb"},"inLanguage":"fr-FR","potentialAction":[{"@type":"ReadAction","target":["https:\/\/www.batiment-formations.fr\/10\/mentions-legales\/"]}]},{"@type":"BreadcrumbList","@id":"https:\/\/www.batiment-formations.fr\/10\/mentions-legales\/#breadcrumb","itemListElement":[{"@type":"ListItem","position":1,"name":"Accueil","item":"https:\/\/www.batiment-formations.fr\/10\/"},{"@type":"ListItem","position":2,"name":"Mentions l\u00e9gales"}]},{"@type":"WebSite","@id":"https:\/\/www.batiment-formations.fr\/10\/#website","url":"https:\/\/www.batiment-formations.fr\/10\/","name":"CAPEB Formations Aube","description":"","potentialAction":[{"@type":"SearchAction","target":{"@type":"EntryPoint","urlTemplate":"https:\/\/www.batiment-formations.fr\/10\/?s={search_term_string}"},"query-input":{"@type":"PropertyValueSpecification","valueRequired":true,"valueName":"search_term_string"}}],"inLanguage":"fr-FR"},{"@type":"Organization","@id":"https:\/\/www.batiment-formations.fr\/10\/#Organization","name":"CAPEB Formations Aube","address":{"@type":"PostalAddress","streetAddress":"14 rue Am\u00e9d\u00e9e Boll\u00e9e","addressLocality":"BARBEREY ST SULPICE","postalCode":"10600","addressCountry":"FR"}}]}},"_links":{"self":[{"href":"https:\/\/www.batiment-formations.fr\/10\/wp-json\/wp\/v2\/pages\/23","targetHints":{"allow":["GET"]}}],"collection":[{"href":"https:\/\/www.batiment-formations.fr\/10\/wp-json\/wp\/v2\/pages"}],"about":[{"href":"https:\/\/www.batiment-formations.fr\/10\/wp-json\/wp\/v2\/types\/page"}],"author":[{"embeddable":true,"href":"https:\/\/www.batiment-formations.fr\/10\/wp-json\/wp\/v2\/users\/1"}],"replies":[{"embeddable":true,"href":"https:\/\/www.batiment-formations.fr\/10\/wp-json\/wp\/v2\/comments?post=23"}],"version-history":[{"count":2,"href":"https:\/\/www.batiment-formations.fr\/10\/wp-json\/wp\/v2\/pages\/23\/revisions"}],"predecessor-version":[{"id":1447,"href":"https:\/\/www.batiment-formations.fr\/10\/wp-json\/wp\/v2\/pages\/23\/revisions\/1447"}],"wp:attachment":[{"href":"https:\/\/www.batiment-formations.fr\/10\/wp-json\/wp\/v2\/media?parent=23"}],"curies":[{"name":"wp","href":"https:\/\/api.w.org\/{rel}","templated":true}]}}