{"id":82,"date":"2021-09-01T15:08:10","date_gmt":"2021-09-01T13:08:10","guid":{"rendered":"https:\/\/www.batiment-formations.fr\/54\/?page_id=82"},"modified":"2022-06-22T16:56:02","modified_gmt":"2022-06-22T14:56:02","slug":"faq","status":"publish","type":"page","link":"https:\/\/www.batiment-formations.fr\/54\/faq\/","title":{"rendered":"FAQ"},"content":{"rendered":"\n<p>Retrouvez les r\u00e9ponses aux questions fr\u00e9quemment pos\u00e9es <\/p>\n","protected":false},"excerpt":{"rendered":"<p>Retrouvez les r\u00e9ponses aux questions fr\u00e9quemment pos\u00e9es<\/p>\n","protected":false},"author":1,"featured_media":0,"parent":0,"menu_order":0,"comment_status":"closed","ping_status":"closed","template":"template-faq.php","meta":{"footnotes":""},"class_list":["post-82","page","type-page","status-publish","hentry"],"yoast_head":"<!-- This site is optimized with the Yoast SEO plugin v17.2 - https:\/\/yoast.com\/wordpress\/plugins\/seo\/ -->\n<meta name=\"description\" content=\"Vos avez une question, vous n&#039;\u00eates peut \u00eatre par le seul \u00e0 vous la poser, consulter notre FAQ regroupant les questions les plus fr\u00e9quentes\" \/>\n<meta name=\"robots\" content=\"index, follow, max-snippet:-1, max-image-preview:large, max-video-preview:-1\" \/>\n<link rel=\"canonical\" href=\"https:\/\/www.batiment-formations.fr\/54\/faq\/\" \/>\n<meta property=\"og:locale\" content=\"fr_FR\" \/>\n<meta property=\"og:type\" content=\"article\" \/>\n<meta property=\"og:title\" content=\"FAQ - CAPEB Formations Meurthe-et-Moselle\" \/>\n<meta property=\"og:description\" content=\"Vos avez une question, vous n&#039;\u00eates peut \u00eatre par le seul \u00e0 vous la poser, consulter notre FAQ regroupant les questions les plus fr\u00e9quentes\" \/>\n<meta property=\"og:url\" content=\"https:\/\/www.batiment-formations.fr\/54\/faq\/\" \/>\n<meta property=\"og:site_name\" content=\"CAPEB Formations Meurthe-et-Moselle\" \/>\n<meta property=\"article:modified_time\" content=\"2022-06-22T14:56:02+00:00\" \/>\n<meta name=\"twitter:card\" content=\"summary_large_image\" \/>\n<meta name=\"twitter:label1\" content=\"Dur\u00e9e de lecture est.\" \/>\n\t<meta name=\"twitter:data1\" content=\"1 minute\" \/>\n<script type=\"application\/ld+json\" class=\"yoast-schema-graph\">{\"@context\":\"https:\/\/schema.org\",\"@graph\":[{\"@type\":\"WebSite\",\"@id\":\"https:\/\/www.batiment-formations.fr\/54\/#website\",\"url\":\"https:\/\/www.batiment-formations.fr\/54\/\",\"name\":\"CAPEB Formations Meurthe-et-Moselle\",\"description\":\"\",\"potentialAction\":[{\"@type\":\"SearchAction\",\"target\":{\"@type\":\"EntryPoint\",\"urlTemplate\":\"https:\/\/www.batiment-formations.fr\/54\/?s={search_term_string}\"},\"query-input\":\"required name=search_term_string\"}],\"inLanguage\":\"fr-FR\"},{\"@type\":\"WebPage\",\"@id\":\"https:\/\/www.batiment-formations.fr\/54\/faq\/#webpage\",\"url\":\"https:\/\/www.batiment-formations.fr\/54\/faq\/\",\"name\":\"FAQ - CAPEB Formations Meurthe-et-Moselle\",\"isPartOf\":{\"@id\":\"https:\/\/www.batiment-formations.fr\/54\/#website\"},\"datePublished\":\"2021-09-01T13:08:10+00:00\",\"dateModified\":\"2022-06-22T14:56:02+00:00\",\"description\":\"Vos avez une question, vous n'\\u00eates peut \\u00eatre par le seul \\u00e0 vous la poser, consulter notre FAQ regroupant les questions les plus fr\\u00e9quentes\",\"breadcrumb\":{\"@id\":\"https:\/\/www.batiment-formations.fr\/54\/faq\/#breadcrumb\"},\"inLanguage\":\"fr-FR\",\"potentialAction\":[{\"@type\":\"ReadAction\",\"target\":[\"https:\/\/www.batiment-formations.fr\/54\/faq\/\"]}]},{\"@type\":\"BreadcrumbList\",\"@id\":\"https:\/\/www.batiment-formations.fr\/54\/faq\/#breadcrumb\",\"itemListElement\":[{\"@type\":\"ListItem\",\"position\":1,\"name\":\"Accueil\",\"item\":\"https:\/\/www.batiment-formations.fr\/54\/\"},{\"@type\":\"ListItem\",\"position\":2,\"name\":\"FAQ\"}]}]}<\/script>\n<!-- \/ Yoast SEO plugin. -->","yoast_head_json":{"description":"Vos avez une question, vous n'\u00eates peut \u00eatre par le seul \u00e0 vous la poser, consulter notre FAQ regroupant les questions les plus fr\u00e9quentes","robots":{"index":"index","follow":"follow","max-snippet":"max-snippet:-1","max-image-preview":"max-image-preview:large","max-video-preview":"max-video-preview:-1"},"canonical":"https:\/\/www.batiment-formations.fr\/54\/faq\/","og_locale":"fr_FR","og_type":"article","og_title":"FAQ - CAPEB Formations Meurthe-et-Moselle","og_description":"Vos avez une question, vous n'\u00eates peut \u00eatre par le seul \u00e0 vous la poser, consulter notre FAQ regroupant les questions les plus fr\u00e9quentes","og_url":"https:\/\/www.batiment-formations.fr\/54\/faq\/","og_site_name":"CAPEB Formations Meurthe-et-Moselle","article_modified_time":"2022-06-22T14:56:02+00:00","twitter_card":"summary_large_image","twitter_misc":{"Dur\u00e9e de lecture est.":"1 minute"},"schema":{"@context":"https:\/\/schema.org","@graph":[{"@type":"WebSite","@id":"https:\/\/www.batiment-formations.fr\/54\/#website","url":"https:\/\/www.batiment-formations.fr\/54\/","name":"CAPEB Formations Meurthe-et-Moselle","description":"","potentialAction":[{"@type":"SearchAction","target":{"@type":"EntryPoint","urlTemplate":"https:\/\/www.batiment-formations.fr\/54\/?s={search_term_string}"},"query-input":"required name=search_term_string"}],"inLanguage":"fr-FR"},{"@type":"WebPage","@id":"https:\/\/www.batiment-formations.fr\/54\/faq\/#webpage","url":"https:\/\/www.batiment-formations.fr\/54\/faq\/","name":"FAQ - CAPEB Formations Meurthe-et-Moselle","isPartOf":{"@id":"https:\/\/www.batiment-formations.fr\/54\/#website"},"datePublished":"2021-09-01T13:08:10+00:00","dateModified":"2022-06-22T14:56:02+00:00","description":"Vos avez une question, vous n'\u00eates peut \u00eatre par le seul \u00e0 vous la poser, consulter notre FAQ regroupant les questions les plus fr\u00e9quentes","breadcrumb":{"@id":"https:\/\/www.batiment-formations.fr\/54\/faq\/#breadcrumb"},"inLanguage":"fr-FR","potentialAction":[{"@type":"ReadAction","target":["https:\/\/www.batiment-formations.fr\/54\/faq\/"]}]},{"@type":"BreadcrumbList","@id":"https:\/\/www.batiment-formations.fr\/54\/faq\/#breadcrumb","itemListElement":[{"@type":"ListItem","position":1,"name":"Accueil","item":"https:\/\/www.batiment-formations.fr\/54\/"},{"@type":"ListItem","position":2,"name":"FAQ"}]}]}},"_links":{"self":[{"href":"https:\/\/www.batiment-formations.fr\/54\/wp-json\/wp\/v2\/pages\/82","targetHints":{"allow":["GET"]}}],"collection":[{"href":"https:\/\/www.batiment-formations.fr\/54\/wp-json\/wp\/v2\/pages"}],"about":[{"href":"https:\/\/www.batiment-formations.fr\/54\/wp-json\/wp\/v2\/types\/page"}],"author":[{"embeddable":true,"href":"https:\/\/www.batiment-formations.fr\/54\/wp-json\/wp\/v2\/users\/1"}],"replies":[{"embeddable":true,"href":"https:\/\/www.batiment-formations.fr\/54\/wp-json\/wp\/v2\/comments?post=82"}],"version-history":[{"count":15,"href":"https:\/\/www.batiment-formations.fr\/54\/wp-json\/wp\/v2\/pages\/82\/revisions"}],"predecessor-version":[{"id":1333,"href":"https:\/\/www.batiment-formations.fr\/54\/wp-json\/wp\/v2\/pages\/82\/revisions\/1333"}],"wp:attachment":[{"href":"https:\/\/www.batiment-formations.fr\/54\/wp-json\/wp\/v2\/media?parent=82"}],"curies":[{"name":"wp","href":"https:\/\/api.w.org\/{rel}","templated":true}]}}