{"id":11,"date":"2021-09-01T09:47:34","date_gmt":"2021-09-01T07:47:34","guid":{"rendered":"https:\/\/www.batiment-formations.fr\/71\/?page_id=11"},"modified":"2023-10-03T12:29:41","modified_gmt":"2023-10-03T10:29:41","slug":"infos-pratiques","status":"publish","type":"page","link":"https:\/\/www.batiment-formations.fr\/71\/infos-pratiques\/","title":{"rendered":"Infos pratiques"},"content":{"rendered":"\n<p class=\"has-primary-dark-color has-text-color has-large-font-size\"><strong>1 &#8211; Un outil pour tous les pros du b\u00e2timent :<\/strong><\/p>\n\n\n\n<p class=\"has-default-color has-text-color has-medium-font-size\"><br>La <a href=\"https:\/\/www.capeb71.fr\/\">CAPEB de Sa\u00f4ne-et-Loire<\/a>, organisation professionnelle repr\u00e9sentative du secteur, et plusieurs CAPEB des r\u00e9gions de Bourgogne Franche-Comt\u00e9 et du Grand Est, ont d\u00e9cid\u00e9 de s&rsquo;associer pour proposer aux <strong>artisans<\/strong> et aux <strong>entreprises du b\u00e2timent et des travaux publics<\/strong>, <strong>une plateforme<\/strong> <strong>web<\/strong> simple d&rsquo;utilisation et regroupant une <a href=\"https:\/\/www.batiment-formations.fr\/71\/toutes-nos-formations\/\">offre de formation adapt\u00e9e<\/a> pour les professionnels du b\u00e2timent.<\/p>\n\n\n\n<p class=\"has-medium-font-size\">Vous <strong>acc\u00e9dez facilement aux stages de formation qu&rsquo;il vous faut,<\/strong> dans les domaines du <strong>Technique<\/strong>, de la <strong>Gestion<\/strong>, de la <strong>cr\u00e9ation d&rsquo;entreprise<\/strong>, pour devenir <strong>RGE<\/strong> &#8230;<\/p>\n\n\n\n<p class=\"has-medium-font-size\"> Vous retrouvez aussi toutes les <strong>formations obligatoires<\/strong>.<\/p>\n\n\n\n<p class=\"has-medium-font-size\"><strong>Notre plateforme est ouverte \u00e0 toutes les entreprises<\/strong>.<\/p>\n\n\n\n<figure class=\"wp-block-image size-large is-resized\"><img loading=\"lazy\" decoding=\"async\" src=\"https:\/\/www.batiment-formations.fr\/71\/wp-content\/uploads\/2023\/10\/capeb71-artisan-informatique-as-A-1024x683.jpg\" alt=\"\" class=\"wp-image-1994\" style=\"width:361px;height:241px\" width=\"361\" height=\"241\" srcset=\"https:\/\/www.batiment-formations.fr\/71\/wp-content\/uploads\/2023\/10\/capeb71-artisan-informatique-as-A-1024x683.jpg 1024w, https:\/\/www.batiment-formations.fr\/71\/wp-content\/uploads\/2023\/10\/capeb71-artisan-informatique-as-A-300x200.jpg 300w, https:\/\/www.batiment-formations.fr\/71\/wp-content\/uploads\/2023\/10\/capeb71-artisan-informatique-as-A-768x512.jpg 768w, https:\/\/www.batiment-formations.fr\/71\/wp-content\/uploads\/2023\/10\/capeb71-artisan-informatique-as-A.jpg 1200w\" sizes=\"auto, (max-width: 361px) 100vw, 361px\" \/><\/figure>\n\n\n\n<p><\/p>\n\n\n\n<p><br><\/p>\n\n\n\n<p class=\"has-primary-dark-color has-text-color has-large-font-size\"><strong>2 &#8211; Simple et intuitif :<\/strong><\/p>\n\n\n\n<ul class=\"wp-block-list\">\n<li class=\"has-medium-font-size\"><strong>Vous pouvez vous pr\u00e9inscrire<\/strong> (et r\u00e9servez votre place). Nos <strong>conseill\u00e8res formations<\/strong> vous recontactent pour vous apporter toutes les pr\u00e9cisions utiles;<\/li>\n\n\n\n<li class=\"has-medium-font-size\">Vous <strong>cr\u00e9ez gratuitement votre compte s\u00e9curis\u00e9<\/strong> depuis lequel vous transmettez vos demandes;<\/li>\n\n\n\n<li class=\"has-medium-font-size\">Sur votre compte, vous retrouvez <strong>l&rsquo;historique des formations de votre entreprise<\/strong>;<\/li>\n\n\n\n<li class=\"has-medium-font-size\">Vous \u00eates <strong>alert\u00e9 <\/strong>lorsque des formations n\u00e9cessitent p\u00e9riodiquement un recyclage (CACES, habilitations \u00e9lectriques, responsable gaz &#8230;);<\/li>\n\n\n\n<li class=\"has-medium-font-size\">Vos <strong>d\u00e9marches administratives <\/strong>en mati\u00e8re de formation sont <strong>simplifi\u00e9es et vous gagnez du temps<\/strong>.<\/li>\n\n\n\n<li class=\"has-medium-font-size\">Vous \u00eates accompagn\u00e9 pour vos <strong>demandes de prises en charges financi\u00e8res.<\/strong><\/li>\n<\/ul>\n\n\n\n<p><br><\/p>\n\n\n\n<p class=\"has-x-large-font-size\">Avec batiment-formations.fr, la formation devient facile pour les entreprises du BTP !<\/p>\n\n\n\n<figure class=\"wp-block-image size-full is-resized\"><img loading=\"lazy\" decoding=\"async\" src=\"https:\/\/www.batiment-formations.fr\/71\/wp-content\/uploads\/2023\/10\/capeb71-artisan-sourire-cfotolia-A.jpg\" alt=\"\" class=\"wp-image-2015\" style=\"width:337px;height:238px\" width=\"337\" height=\"238\" srcset=\"https:\/\/www.batiment-formations.fr\/71\/wp-content\/uploads\/2023\/10\/capeb71-artisan-sourire-cfotolia-A.jpg 906w, https:\/\/www.batiment-formations.fr\/71\/wp-content\/uploads\/2023\/10\/capeb71-artisan-sourire-cfotolia-A-300x212.jpg 300w, https:\/\/www.batiment-formations.fr\/71\/wp-content\/uploads\/2023\/10\/capeb71-artisan-sourire-cfotolia-A-768x543.jpg 768w\" sizes=\"auto, (max-width: 337px) 100vw, 337px\" \/><\/figure>\n","protected":false},"excerpt":{"rendered":"<p>Tout savoir pour bien utiliser notre plateforme, vous inscrire et g\u00e9rer vos formations<\/p>\n","protected":false},"author":1,"featured_media":0,"parent":0,"menu_order":3,"comment_status":"closed","ping_status":"closed","template":"","meta":{"footnotes":""},"class_list":["post-11","page","type-page","status-publish","hentry"],"yoast_head":"<!-- This site is optimized with the Yoast SEO plugin v17.2 - https:\/\/yoast.com\/wordpress\/plugins\/seo\/ -->\n<meta name=\"robots\" content=\"index, follow, max-snippet:-1, max-image-preview:large, max-video-preview:-1\" \/>\n<link rel=\"canonical\" href=\"https:\/\/www.batiment-formations.fr\/71\/infos-pratiques\/\" \/>\n<meta property=\"og:locale\" content=\"fr_FR\" \/>\n<meta property=\"og:type\" content=\"article\" \/>\n<meta property=\"og:title\" content=\"Infos pratiques - CAPEB Formations Sa\u00f4ne-et-Loire\" \/>\n<meta property=\"og:description\" content=\"Tout savoir pour bien utiliser notre plateforme, vous inscrire et g\u00e9rer vos formations\" \/>\n<meta property=\"og:url\" content=\"https:\/\/www.batiment-formations.fr\/71\/infos-pratiques\/\" \/>\n<meta property=\"og:site_name\" content=\"CAPEB Formations Sa\u00f4ne-et-Loire\" \/>\n<meta property=\"article:modified_time\" content=\"2023-10-03T10:29:41+00:00\" \/>\n<meta property=\"og:image\" content=\"https:\/\/www.batiment-formations.fr\/71\/wp-content\/uploads\/2023\/10\/capeb71-artisan-informatique-as-A-1024x683.jpg\" \/>\n<meta name=\"twitter:card\" content=\"summary_large_image\" \/>\n<meta name=\"twitter:label1\" content=\"Dur\u00e9e de lecture est.\" \/>\n\t<meta name=\"twitter:data1\" content=\"1 minute\" \/>\n<script type=\"application\/ld+json\" class=\"yoast-schema-graph\">{\"@context\":\"https:\/\/schema.org\",\"@graph\":[{\"@type\":\"WebSite\",\"@id\":\"https:\/\/www.batiment-formations.fr\/71\/#website\",\"url\":\"https:\/\/www.batiment-formations.fr\/71\/\",\"name\":\"CAPEB Formations Sa\\u00f4ne-et-Loire\",\"description\":\"\",\"potentialAction\":[{\"@type\":\"SearchAction\",\"target\":{\"@type\":\"EntryPoint\",\"urlTemplate\":\"https:\/\/www.batiment-formations.fr\/71\/?s={search_term_string}\"},\"query-input\":\"required name=search_term_string\"}],\"inLanguage\":\"fr-FR\"},{\"@type\":\"ImageObject\",\"@id\":\"https:\/\/www.batiment-formations.fr\/71\/infos-pratiques\/#primaryimage\",\"inLanguage\":\"fr-FR\",\"url\":\"https:\/\/www.batiment-formations.fr\/71\/wp-content\/uploads\/2023\/10\/capeb71-artisan-informatique-as-A.jpg\",\"contentUrl\":\"https:\/\/www.batiment-formations.fr\/71\/wp-content\/uploads\/2023\/10\/capeb71-artisan-informatique-as-A.jpg\",\"width\":1200,\"height\":800,\"caption\":\"Carpenter working with equipment on wooden table in carpentry shop. woman works in a carpentry shop.\"},{\"@type\":\"WebPage\",\"@id\":\"https:\/\/www.batiment-formations.fr\/71\/infos-pratiques\/#webpage\",\"url\":\"https:\/\/www.batiment-formations.fr\/71\/infos-pratiques\/\",\"name\":\"Infos pratiques - CAPEB Formations Sa\\u00f4ne-et-Loire\",\"isPartOf\":{\"@id\":\"https:\/\/www.batiment-formations.fr\/71\/#website\"},\"primaryImageOfPage\":{\"@id\":\"https:\/\/www.batiment-formations.fr\/71\/infos-pratiques\/#primaryimage\"},\"datePublished\":\"2021-09-01T07:47:34+00:00\",\"dateModified\":\"2023-10-03T10:29:41+00:00\",\"breadcrumb\":{\"@id\":\"https:\/\/www.batiment-formations.fr\/71\/infos-pratiques\/#breadcrumb\"},\"inLanguage\":\"fr-FR\",\"potentialAction\":[{\"@type\":\"ReadAction\",\"target\":[\"https:\/\/www.batiment-formations.fr\/71\/infos-pratiques\/\"]}]},{\"@type\":\"BreadcrumbList\",\"@id\":\"https:\/\/www.batiment-formations.fr\/71\/infos-pratiques\/#breadcrumb\",\"itemListElement\":[{\"@type\":\"ListItem\",\"position\":1,\"name\":\"Accueil\",\"item\":\"https:\/\/www.batiment-formations.fr\/71\/\"},{\"@type\":\"ListItem\",\"position\":2,\"name\":\"Infos pratiques\"}]}]}<\/script>\n<!-- \/ Yoast SEO plugin. -->","yoast_head_json":{"robots":{"index":"index","follow":"follow","max-snippet":"max-snippet:-1","max-image-preview":"max-image-preview:large","max-video-preview":"max-video-preview:-1"},"canonical":"https:\/\/www.batiment-formations.fr\/71\/infos-pratiques\/","og_locale":"fr_FR","og_type":"article","og_title":"Infos pratiques - CAPEB Formations Sa\u00f4ne-et-Loire","og_description":"Tout savoir pour bien utiliser notre plateforme, vous inscrire et g\u00e9rer vos formations","og_url":"https:\/\/www.batiment-formations.fr\/71\/infos-pratiques\/","og_site_name":"CAPEB Formations Sa\u00f4ne-et-Loire","article_modified_time":"2023-10-03T10:29:41+00:00","og_image":[{"url":"https:\/\/www.batiment-formations.fr\/71\/wp-content\/uploads\/2023\/10\/capeb71-artisan-informatique-as-A-1024x683.jpg"}],"twitter_card":"summary_large_image","twitter_misc":{"Dur\u00e9e de lecture est.":"1 minute"},"schema":{"@context":"https:\/\/schema.org","@graph":[{"@type":"WebSite","@id":"https:\/\/www.batiment-formations.fr\/71\/#website","url":"https:\/\/www.batiment-formations.fr\/71\/","name":"CAPEB Formations Sa\u00f4ne-et-Loire","description":"","potentialAction":[{"@type":"SearchAction","target":{"@type":"EntryPoint","urlTemplate":"https:\/\/www.batiment-formations.fr\/71\/?s={search_term_string}"},"query-input":"required name=search_term_string"}],"inLanguage":"fr-FR"},{"@type":"ImageObject","@id":"https:\/\/www.batiment-formations.fr\/71\/infos-pratiques\/#primaryimage","inLanguage":"fr-FR","url":"https:\/\/www.batiment-formations.fr\/71\/wp-content\/uploads\/2023\/10\/capeb71-artisan-informatique-as-A.jpg","contentUrl":"https:\/\/www.batiment-formations.fr\/71\/wp-content\/uploads\/2023\/10\/capeb71-artisan-informatique-as-A.jpg","width":1200,"height":800,"caption":"Carpenter working with equipment on wooden table in carpentry shop. woman works in a carpentry shop."},{"@type":"WebPage","@id":"https:\/\/www.batiment-formations.fr\/71\/infos-pratiques\/#webpage","url":"https:\/\/www.batiment-formations.fr\/71\/infos-pratiques\/","name":"Infos pratiques - CAPEB Formations Sa\u00f4ne-et-Loire","isPartOf":{"@id":"https:\/\/www.batiment-formations.fr\/71\/#website"},"primaryImageOfPage":{"@id":"https:\/\/www.batiment-formations.fr\/71\/infos-pratiques\/#primaryimage"},"datePublished":"2021-09-01T07:47:34+00:00","dateModified":"2023-10-03T10:29:41+00:00","breadcrumb":{"@id":"https:\/\/www.batiment-formations.fr\/71\/infos-pratiques\/#breadcrumb"},"inLanguage":"fr-FR","potentialAction":[{"@type":"ReadAction","target":["https:\/\/www.batiment-formations.fr\/71\/infos-pratiques\/"]}]},{"@type":"BreadcrumbList","@id":"https:\/\/www.batiment-formations.fr\/71\/infos-pratiques\/#breadcrumb","itemListElement":[{"@type":"ListItem","position":1,"name":"Accueil","item":"https:\/\/www.batiment-formations.fr\/71\/"},{"@type":"ListItem","position":2,"name":"Infos pratiques"}]}]}},"_links":{"self":[{"href":"https:\/\/www.batiment-formations.fr\/71\/wp-json\/wp\/v2\/pages\/11","targetHints":{"allow":["GET"]}}],"collection":[{"href":"https:\/\/www.batiment-formations.fr\/71\/wp-json\/wp\/v2\/pages"}],"about":[{"href":"https:\/\/www.batiment-formations.fr\/71\/wp-json\/wp\/v2\/types\/page"}],"author":[{"embeddable":true,"href":"https:\/\/www.batiment-formations.fr\/71\/wp-json\/wp\/v2\/users\/1"}],"replies":[{"embeddable":true,"href":"https:\/\/www.batiment-formations.fr\/71\/wp-json\/wp\/v2\/comments?post=11"}],"version-history":[{"count":23,"href":"https:\/\/www.batiment-formations.fr\/71\/wp-json\/wp\/v2\/pages\/11\/revisions"}],"predecessor-version":[{"id":2047,"href":"https:\/\/www.batiment-formations.fr\/71\/wp-json\/wp\/v2\/pages\/11\/revisions\/2047"}],"wp:attachment":[{"href":"https:\/\/www.batiment-formations.fr\/71\/wp-json\/wp\/v2\/media?parent=11"}],"curies":[{"name":"wp","href":"https:\/\/api.w.org\/{rel}","templated":true}]}}