{"id":11,"date":"2021-09-01T09:47:34","date_gmt":"2021-09-01T07:47:34","guid":{"rendered":"https:\/\/www.batiment-formations.fr\/88\/?page_id=11"},"modified":"2025-03-03T16:40:15","modified_gmt":"2025-03-03T15:40:15","slug":"infos-pratiques","status":"publish","type":"page","link":"https:\/\/www.batiment-formations.fr\/88\/infos-pratiques\/","title":{"rendered":"Infos pratiques"},"content":{"rendered":"\n<h2 class=\"wp-block-heading\">Crit\u00e8res de prise en charge FAFCEA \u00e0 compter du 1er janvier 2025 &#8211; Secteur B\u00e2timent <\/h2>\n\n\n\n<div data-wp-interactive=\"core\/file\" class=\"wp-block-file\"><object data-wp-bind--hidden=\"!state.hasPdfPreview\" hidden class=\"wp-block-file__embed\" data=\"https:\/\/www.batiment-formations.fr\/88\/wp-content\/uploads\/2025\/03\/Criteres-BAT-1er-janv-2025-1-1.pdf\" type=\"application\/pdf\" style=\"width:100%;height:600px\" aria-label=\"Contenu embarqu\u00e9 Criteres-BAT-1er-janv-2025 (1).\"><\/object><a id=\"wp-block-file--media-fdaa67fe-4ecf-4252-ade1-a88c2fb7b350\" href=\"https:\/\/www.batiment-formations.fr\/88\/wp-content\/uploads\/2025\/03\/Criteres-BAT-1er-janv-2025-1-1.pdf\">Criteres-BAT-1er-janv-2025 (1)<\/a><a href=\"https:\/\/www.batiment-formations.fr\/88\/wp-content\/uploads\/2025\/03\/Criteres-BAT-1er-janv-2025-1-1.pdf\" class=\"wp-block-file__button wp-element-button\" download aria-describedby=\"wp-block-file--media-fdaa67fe-4ecf-4252-ade1-a88c2fb7b350\">T\u00e9l\u00e9charger<\/a><\/div>\n\n\n\n<h2 class=\"wp-block-heading\">Crit\u00e8res de prise en charge Constructys \u00e0 compter du 1er janvier 2025 &#8211; Secteur B\u00e2timent<\/h2>\n\n\n\n<div data-wp-interactive=\"core\/file\" class=\"wp-block-file\"><object data-wp-bind--hidden=\"!state.hasPdfPreview\" hidden class=\"wp-block-file__embed\" data=\"https:\/\/www.batiment-formations.fr\/88\/wp-content\/uploads\/2025\/03\/BATIMENT-PDC-Modalites-2025.pdf\" type=\"application\/pdf\" style=\"width:100%;height:600px\" aria-label=\"Contenu embarqu\u00e9 BATIMENT PDC Modalites 2025.\"><\/object><a id=\"wp-block-file--media-e7ba67cb-a570-41ba-91be-5950ad5eabeb\" href=\"https:\/\/www.batiment-formations.fr\/88\/wp-content\/uploads\/2025\/03\/BATIMENT-PDC-Modalites-2025.pdf\">BATIMENT PDC Modalites 2025<\/a><a href=\"https:\/\/www.batiment-formations.fr\/88\/wp-content\/uploads\/2025\/03\/BATIMENT-PDC-Modalites-2025.pdf\" class=\"wp-block-file__button wp-element-button\" download aria-describedby=\"wp-block-file--media-e7ba67cb-a570-41ba-91be-5950ad5eabeb\">T\u00e9l\u00e9charger<\/a><\/div>\n\n\n\n<h2 class=\"wp-block-heading\">Crit\u00e8res de prise en charge Constructys \u00e0 compter du 1er janvier 2025 &#8211; Secteur Travaux publics<\/h2>\n\n\n\n<div data-wp-interactive=\"core\/file\" class=\"wp-block-file\"><object data-wp-bind--hidden=\"!state.hasPdfPreview\" hidden class=\"wp-block-file__embed\" data=\"https:\/\/www.batiment-formations.fr\/88\/wp-content\/uploads\/2025\/03\/TP-PDC-Modalites-2025.pdf\" type=\"application\/pdf\" style=\"width:100%;height:600px\" aria-label=\"Contenu embarqu\u00e9 TP PDC Modalites 2025.\"><\/object><a id=\"wp-block-file--media-8272248a-334c-4450-9563-d85a18a14d68\" href=\"https:\/\/www.batiment-formations.fr\/88\/wp-content\/uploads\/2025\/03\/TP-PDC-Modalites-2025.pdf\">TP PDC Modalites 2025<\/a><a href=\"https:\/\/www.batiment-formations.fr\/88\/wp-content\/uploads\/2025\/03\/TP-PDC-Modalites-2025.pdf\" class=\"wp-block-file__button wp-element-button\" download aria-describedby=\"wp-block-file--media-8272248a-334c-4450-9563-d85a18a14d68\">T\u00e9l\u00e9charger<\/a><\/div>\n","protected":false},"excerpt":{"rendered":"<p>Lorem iiiipsum dolor sit amet, consectetur adipiscing elit, sed diam nonummy nunc pulvinar.<\/p>\n","protected":false},"author":1,"featured_media":0,"parent":0,"menu_order":3,"comment_status":"closed","ping_status":"closed","template":"","meta":{"footnotes":""},"class_list":["post-11","page","type-page","status-publish","hentry"],"yoast_head":"<!-- This site is optimized with the Yoast SEO plugin v17.2 - https:\/\/yoast.com\/wordpress\/plugins\/seo\/ -->\n<meta name=\"robots\" content=\"index, follow, max-snippet:-1, max-image-preview:large, max-video-preview:-1\" \/>\n<link rel=\"canonical\" href=\"https:\/\/www.batiment-formations.fr\/88\/infos-pratiques\/\" \/>\n<meta property=\"og:locale\" content=\"fr_FR\" \/>\n<meta property=\"og:type\" content=\"article\" \/>\n<meta property=\"og:title\" content=\"Infos pratiques - CAPEB Formations Vosges\" \/>\n<meta property=\"og:description\" content=\"Lorem iiiipsum dolor sit amet, consectetur adipiscing elit, sed diam nonummy nunc pulvinar.\" \/>\n<meta property=\"og:url\" content=\"https:\/\/www.batiment-formations.fr\/88\/infos-pratiques\/\" \/>\n<meta property=\"og:site_name\" content=\"CAPEB Formations Vosges\" \/>\n<meta property=\"article:modified_time\" content=\"2025-03-03T15:40:15+00:00\" \/>\n<meta name=\"twitter:card\" content=\"summary_large_image\" \/>\n<script type=\"application\/ld+json\" class=\"yoast-schema-graph\">{\"@context\":\"https:\/\/schema.org\",\"@graph\":[{\"@type\":\"WebSite\",\"@id\":\"https:\/\/www.batiment-formations.fr\/88\/#website\",\"url\":\"https:\/\/www.batiment-formations.fr\/88\/\",\"name\":\"CAPEB Formations Vosges\",\"description\":\"\",\"potentialAction\":[{\"@type\":\"SearchAction\",\"target\":{\"@type\":\"EntryPoint\",\"urlTemplate\":\"https:\/\/www.batiment-formations.fr\/88\/?s={search_term_string}\"},\"query-input\":\"required name=search_term_string\"}],\"inLanguage\":\"fr-FR\"},{\"@type\":\"WebPage\",\"@id\":\"https:\/\/www.batiment-formations.fr\/88\/infos-pratiques\/#webpage\",\"url\":\"https:\/\/www.batiment-formations.fr\/88\/infos-pratiques\/\",\"name\":\"Infos pratiques - CAPEB Formations Vosges\",\"isPartOf\":{\"@id\":\"https:\/\/www.batiment-formations.fr\/88\/#website\"},\"datePublished\":\"2021-09-01T07:47:34+00:00\",\"dateModified\":\"2025-03-03T15:40:15+00:00\",\"breadcrumb\":{\"@id\":\"https:\/\/www.batiment-formations.fr\/88\/infos-pratiques\/#breadcrumb\"},\"inLanguage\":\"fr-FR\",\"potentialAction\":[{\"@type\":\"ReadAction\",\"target\":[\"https:\/\/www.batiment-formations.fr\/88\/infos-pratiques\/\"]}]},{\"@type\":\"BreadcrumbList\",\"@id\":\"https:\/\/www.batiment-formations.fr\/88\/infos-pratiques\/#breadcrumb\",\"itemListElement\":[{\"@type\":\"ListItem\",\"position\":1,\"name\":\"Accueil\",\"item\":\"https:\/\/www.batiment-formations.fr\/88\/\"},{\"@type\":\"ListItem\",\"position\":2,\"name\":\"Infos pratiques\"}]}]}<\/script>\n<!-- \/ Yoast SEO plugin. -->","yoast_head_json":{"robots":{"index":"index","follow":"follow","max-snippet":"max-snippet:-1","max-image-preview":"max-image-preview:large","max-video-preview":"max-video-preview:-1"},"canonical":"https:\/\/www.batiment-formations.fr\/88\/infos-pratiques\/","og_locale":"fr_FR","og_type":"article","og_title":"Infos pratiques - CAPEB Formations Vosges","og_description":"Lorem iiiipsum dolor sit amet, consectetur adipiscing elit, sed diam nonummy nunc pulvinar.","og_url":"https:\/\/www.batiment-formations.fr\/88\/infos-pratiques\/","og_site_name":"CAPEB Formations Vosges","article_modified_time":"2025-03-03T15:40:15+00:00","twitter_card":"summary_large_image","schema":{"@context":"https:\/\/schema.org","@graph":[{"@type":"WebSite","@id":"https:\/\/www.batiment-formations.fr\/88\/#website","url":"https:\/\/www.batiment-formations.fr\/88\/","name":"CAPEB Formations Vosges","description":"","potentialAction":[{"@type":"SearchAction","target":{"@type":"EntryPoint","urlTemplate":"https:\/\/www.batiment-formations.fr\/88\/?s={search_term_string}"},"query-input":"required name=search_term_string"}],"inLanguage":"fr-FR"},{"@type":"WebPage","@id":"https:\/\/www.batiment-formations.fr\/88\/infos-pratiques\/#webpage","url":"https:\/\/www.batiment-formations.fr\/88\/infos-pratiques\/","name":"Infos pratiques - CAPEB Formations Vosges","isPartOf":{"@id":"https:\/\/www.batiment-formations.fr\/88\/#website"},"datePublished":"2021-09-01T07:47:34+00:00","dateModified":"2025-03-03T15:40:15+00:00","breadcrumb":{"@id":"https:\/\/www.batiment-formations.fr\/88\/infos-pratiques\/#breadcrumb"},"inLanguage":"fr-FR","potentialAction":[{"@type":"ReadAction","target":["https:\/\/www.batiment-formations.fr\/88\/infos-pratiques\/"]}]},{"@type":"BreadcrumbList","@id":"https:\/\/www.batiment-formations.fr\/88\/infos-pratiques\/#breadcrumb","itemListElement":[{"@type":"ListItem","position":1,"name":"Accueil","item":"https:\/\/www.batiment-formations.fr\/88\/"},{"@type":"ListItem","position":2,"name":"Infos pratiques"}]}]}},"_links":{"self":[{"href":"https:\/\/www.batiment-formations.fr\/88\/wp-json\/wp\/v2\/pages\/11","targetHints":{"allow":["GET"]}}],"collection":[{"href":"https:\/\/www.batiment-formations.fr\/88\/wp-json\/wp\/v2\/pages"}],"about":[{"href":"https:\/\/www.batiment-formations.fr\/88\/wp-json\/wp\/v2\/types\/page"}],"author":[{"embeddable":true,"href":"https:\/\/www.batiment-formations.fr\/88\/wp-json\/wp\/v2\/users\/1"}],"replies":[{"embeddable":true,"href":"https:\/\/www.batiment-formations.fr\/88\/wp-json\/wp\/v2\/comments?post=11"}],"version-history":[{"count":11,"href":"https:\/\/www.batiment-formations.fr\/88\/wp-json\/wp\/v2\/pages\/11\/revisions"}],"predecessor-version":[{"id":1600,"href":"https:\/\/www.batiment-formations.fr\/88\/wp-json\/wp\/v2\/pages\/11\/revisions\/1600"}],"wp:attachment":[{"href":"https:\/\/www.batiment-formations.fr\/88\/wp-json\/wp\/v2\/media?parent=11"}],"curies":[{"name":"wp","href":"https:\/\/api.w.org\/{rel}","templated":true}]}}