{"id":25,"date":"2021-09-01T09:47:47","date_gmt":"2021-09-01T07:47:47","guid":{"rendered":"https:\/\/www.batiment-formations.fr\/88\/?page_id=25"},"modified":"2023-11-27T22:41:35","modified_gmt":"2023-11-27T21:41:35","slug":"accueil","status":"publish","type":"page","link":"https:\/\/www.batiment-formations.fr\/88\/","title":{"rendered":"Accueil"},"content":{"rendered":"","protected":false},"excerpt":{"rendered":"","protected":false},"author":1,"featured_media":0,"parent":0,"menu_order":0,"comment_status":"closed","ping_status":"closed","template":"template-accueil.php","meta":{"footnotes":""},"class_list":["post-25","page","type-page","status-publish","hentry"],"yoast_head":"<!-- This site is optimized with the Yoast SEO plugin v17.2 - https:\/\/yoast.com\/wordpress\/plugins\/seo\/ -->\n<meta name=\"description\" content=\"Avec la CAPEB Vosges, inscrivez vous aux formations des m\u00e9tiers du b\u00e2timent pr\u00e8s de chez vous ! B\u00e9n\u00e9ficiez d&#039;un interlocuteur d\u00e9di\u00e9 pour vos demandes\" \/>\n<meta name=\"robots\" content=\"index, follow, max-snippet:-1, max-image-preview:large, max-video-preview:-1\" \/>\n<link rel=\"canonical\" href=\"https:\/\/www.batiment-formations.fr\/88\/\" \/>\n<meta property=\"og:locale\" content=\"fr_FR\" \/>\n<meta property=\"og:type\" content=\"article\" \/>\n<meta property=\"og:title\" content=\"CAPEB Formations Vosges : formations pour l&#039;artisanat du b\u00e2timent\" \/>\n<meta property=\"og:description\" content=\"Avec la CAPEB Vosges, inscrivez vous aux formations des m\u00e9tiers du b\u00e2timent pr\u00e8s de chez vous ! B\u00e9n\u00e9ficiez d&#039;un interlocuteur d\u00e9di\u00e9 pour vos demandes\" \/>\n<meta property=\"og:url\" content=\"https:\/\/www.batiment-formations.fr\/88\/\" \/>\n<meta property=\"og:site_name\" content=\"CAPEB Formations Vosges\" \/>\n<meta property=\"article:modified_time\" content=\"2023-11-27T21:41:35+00:00\" \/>\n<meta name=\"twitter:card\" content=\"summary_large_image\" \/>\n<script type=\"application\/ld+json\" class=\"yoast-schema-graph\">{\"@context\":\"https:\/\/schema.org\",\"@graph\":[{\"@type\":\"WebSite\",\"@id\":\"https:\/\/www.batiment-formations.fr\/88\/#website\",\"url\":\"https:\/\/www.batiment-formations.fr\/88\/\",\"name\":\"CAPEB Formations Vosges\",\"description\":\"\",\"potentialAction\":[{\"@type\":\"SearchAction\",\"target\":{\"@type\":\"EntryPoint\",\"urlTemplate\":\"https:\/\/www.batiment-formations.fr\/88\/?s={search_term_string}\"},\"query-input\":\"required name=search_term_string\"}],\"inLanguage\":\"fr-FR\"},{\"@type\":\"WebPage\",\"@id\":\"https:\/\/www.batiment-formations.fr\/88\/#webpage\",\"url\":\"https:\/\/www.batiment-formations.fr\/88\/\",\"name\":\"CAPEB Formations Vosges : formations pour l'artisanat du b\\u00e2timent\",\"isPartOf\":{\"@id\":\"https:\/\/www.batiment-formations.fr\/88\/#website\"},\"datePublished\":\"2021-09-01T07:47:47+00:00\",\"dateModified\":\"2023-11-27T21:41:35+00:00\",\"description\":\"Avec la CAPEB Vosges, inscrivez vous aux formations des m\\u00e9tiers du b\\u00e2timent pr\\u00e8s de chez vous ! B\\u00e9n\\u00e9ficiez d'un interlocuteur d\\u00e9di\\u00e9 pour vos demandes\",\"breadcrumb\":{\"@id\":\"https:\/\/www.batiment-formations.fr\/88\/#breadcrumb\"},\"inLanguage\":\"fr-FR\",\"potentialAction\":[{\"@type\":\"ReadAction\",\"target\":[\"https:\/\/www.batiment-formations.fr\/88\/\"]}]},{\"@type\":\"BreadcrumbList\",\"@id\":\"https:\/\/www.batiment-formations.fr\/88\/#breadcrumb\",\"itemListElement\":[{\"@type\":\"ListItem\",\"position\":1,\"name\":\"Accueil\",\"item\":\"https:\/\/www.batiment-formations.fr\/88\/\"},{\"@type\":\"ListItem\",\"position\":2,\"name\":\"Accueil\"}]}]}<\/script>\n<!-- \/ Yoast SEO plugin. -->","yoast_head_json":{"description":"Avec la CAPEB Vosges, inscrivez vous aux formations des m\u00e9tiers du b\u00e2timent pr\u00e8s de chez vous ! B\u00e9n\u00e9ficiez d'un interlocuteur d\u00e9di\u00e9 pour vos demandes","robots":{"index":"index","follow":"follow","max-snippet":"max-snippet:-1","max-image-preview":"max-image-preview:large","max-video-preview":"max-video-preview:-1"},"canonical":"https:\/\/www.batiment-formations.fr\/88\/","og_locale":"fr_FR","og_type":"article","og_title":"CAPEB Formations Vosges : formations pour l'artisanat du b\u00e2timent","og_description":"Avec la CAPEB Vosges, inscrivez vous aux formations des m\u00e9tiers du b\u00e2timent pr\u00e8s de chez vous ! B\u00e9n\u00e9ficiez d'un interlocuteur d\u00e9di\u00e9 pour vos demandes","og_url":"https:\/\/www.batiment-formations.fr\/88\/","og_site_name":"CAPEB Formations Vosges","article_modified_time":"2023-11-27T21:41:35+00:00","twitter_card":"summary_large_image","schema":{"@context":"https:\/\/schema.org","@graph":[{"@type":"WebSite","@id":"https:\/\/www.batiment-formations.fr\/88\/#website","url":"https:\/\/www.batiment-formations.fr\/88\/","name":"CAPEB Formations Vosges","description":"","potentialAction":[{"@type":"SearchAction","target":{"@type":"EntryPoint","urlTemplate":"https:\/\/www.batiment-formations.fr\/88\/?s={search_term_string}"},"query-input":"required name=search_term_string"}],"inLanguage":"fr-FR"},{"@type":"WebPage","@id":"https:\/\/www.batiment-formations.fr\/88\/#webpage","url":"https:\/\/www.batiment-formations.fr\/88\/","name":"CAPEB Formations Vosges : formations pour l'artisanat du b\u00e2timent","isPartOf":{"@id":"https:\/\/www.batiment-formations.fr\/88\/#website"},"datePublished":"2021-09-01T07:47:47+00:00","dateModified":"2023-11-27T21:41:35+00:00","description":"Avec la CAPEB Vosges, inscrivez vous aux formations des m\u00e9tiers du b\u00e2timent pr\u00e8s de chez vous ! B\u00e9n\u00e9ficiez d'un interlocuteur d\u00e9di\u00e9 pour vos demandes","breadcrumb":{"@id":"https:\/\/www.batiment-formations.fr\/88\/#breadcrumb"},"inLanguage":"fr-FR","potentialAction":[{"@type":"ReadAction","target":["https:\/\/www.batiment-formations.fr\/88\/"]}]},{"@type":"BreadcrumbList","@id":"https:\/\/www.batiment-formations.fr\/88\/#breadcrumb","itemListElement":[{"@type":"ListItem","position":1,"name":"Accueil","item":"https:\/\/www.batiment-formations.fr\/88\/"},{"@type":"ListItem","position":2,"name":"Accueil"}]}]}},"_links":{"self":[{"href":"https:\/\/www.batiment-formations.fr\/88\/wp-json\/wp\/v2\/pages\/25","targetHints":{"allow":["GET"]}}],"collection":[{"href":"https:\/\/www.batiment-formations.fr\/88\/wp-json\/wp\/v2\/pages"}],"about":[{"href":"https:\/\/www.batiment-formations.fr\/88\/wp-json\/wp\/v2\/types\/page"}],"author":[{"embeddable":true,"href":"https:\/\/www.batiment-formations.fr\/88\/wp-json\/wp\/v2\/users\/1"}],"replies":[{"embeddable":true,"href":"https:\/\/www.batiment-formations.fr\/88\/wp-json\/wp\/v2\/comments?post=25"}],"version-history":[{"count":3,"href":"https:\/\/www.batiment-formations.fr\/88\/wp-json\/wp\/v2\/pages\/25\/revisions"}],"predecessor-version":[{"id":1533,"href":"https:\/\/www.batiment-formations.fr\/88\/wp-json\/wp\/v2\/pages\/25\/revisions\/1533"}],"wp:attachment":[{"href":"https:\/\/www.batiment-formations.fr\/88\/wp-json\/wp\/v2\/media?parent=25"}],"curies":[{"name":"wp","href":"https:\/\/api.w.org\/{rel}","templated":true}]}}